{"id":828,"date":"2025-11-30T11:00:02","date_gmt":"2025-11-30T08:00:02","guid":{"rendered":"https:\/\/mehmetkirtorun.com\/?page_id=828"},"modified":"2025-11-30T12:16:21","modified_gmt":"2025-11-30T09:16:21","slug":"mehmet-kirtorun-kimdir","status":"publish","type":"page","link":"http:\/\/mehmetkirtorun.com\/index.php\/mehmet-kirtorun-kimdir\/","title":{"rendered":"Mehmet K\u0131rtorun Kimdir?"},"content":{"rendered":"\n<div class=\"wp-block-columns is-layout-flex wp-container-core-columns-is-layout-9d6595d7 wp-block-columns-is-layout-flex\">\n<div class=\"wp-block-column is-layout-flow wp-block-column-is-layout-flow\">\n<figure class=\"wp-block-image size-large\"><img loading=\"lazy\" decoding=\"async\" width=\"1024\" height=\"1024\" src=\"https:\/\/mehmetkirtorun.com\/wp-content\/uploads\/2025\/11\/571159043_32755518067429279_513985806879718004_n-1024x1024.jpg\" alt=\"\" class=\"wp-image-855\" srcset=\"http:\/\/mehmetkirtorun.com\/wp-content\/uploads\/2025\/11\/571159043_32755518067429279_513985806879718004_n-1024x1024.jpg 1024w, http:\/\/mehmetkirtorun.com\/wp-content\/uploads\/2025\/11\/571159043_32755518067429279_513985806879718004_n-300x300.jpg 300w, http:\/\/mehmetkirtorun.com\/wp-content\/uploads\/2025\/11\/571159043_32755518067429279_513985806879718004_n-150x150.jpg 150w, http:\/\/mehmetkirtorun.com\/wp-content\/uploads\/2025\/11\/571159043_32755518067429279_513985806879718004_n-768x768.jpg 768w, http:\/\/mehmetkirtorun.com\/wp-content\/uploads\/2025\/11\/571159043_32755518067429279_513985806879718004_n-1536x1536.jpg 1536w, http:\/\/mehmetkirtorun.com\/wp-content\/uploads\/2025\/11\/571159043_32755518067429279_513985806879718004_n-420x420.jpg 420w, http:\/\/mehmetkirtorun.com\/wp-content\/uploads\/2025\/11\/571159043_32755518067429279_513985806879718004_n-696x696.jpg 696w, http:\/\/mehmetkirtorun.com\/wp-content\/uploads\/2025\/11\/571159043_32755518067429279_513985806879718004_n-1068x1068.jpg 1068w, http:\/\/mehmetkirtorun.com\/wp-content\/uploads\/2025\/11\/571159043_32755518067429279_513985806879718004_n-1920x1920.jpg 1920w, http:\/\/mehmetkirtorun.com\/wp-content\/uploads\/2025\/11\/571159043_32755518067429279_513985806879718004_n.jpg 2048w\" sizes=\"auto, (max-width: 1024px) 100vw, 1024px\" \/><\/figure>\n<\/div>\n\n\n\n<div class=\"wp-block-column is-layout-flow wp-block-column-is-layout-flow\">\n<p>Mehmet K\u0131rtorun, \u0130stanbul\u2019da ya\u015fayan bir yazar ve y\u00f6neticidir. \u0130lgi alanlar\u0131 d\u00fc\u015f\u00fcnce, k\u00fclt\u00fcr ve sivil toplum ekseninde \u015fekillenir; \u00e7al\u0131\u015fmalar\u0131n\u0131 bu alanlarda \u00fcretmeye gayret eder.<\/p>\n\n\n\n<p>Sivil toplum alan\u0131ndaki tecr\u00fcbesi; Mavera E\u011fitim ve Sa\u011fl\u0131k Vakf\u0131, Karz\u0131 Hasen Vakf\u0131, \u0130lim Yayma Cemiyeti ve \u0130LKE Vakf\u0131 ba\u015fta olmak \u00fczere farkl\u0131 yap\u0131larda y\u00fcr\u00fctt\u00fc\u011f\u00fc y\u00f6neticilik g\u00f6reviyle \u015fekillenmi\u015ftir. Bu kurumlarda ve birlikte \u00e7al\u0131\u015f\u0131lan pek \u00e7ok sivil toplum kurulu\u015fuyla ortak projeler geli\u015ftirmi\u015f; kurumlar aras\u0131 i\u015f birli\u011fi, proje \u00fcretimi, uygulama ve de\u011ferlendirme s\u00fcre\u00e7lerinde aktif sorumluluk alm\u0131\u015ft\u0131r.<\/p>\n\n\n\n<p>Y\u00fcr\u00fctt\u00fc\u011f\u00fc \u00e7al\u0131\u015fmalar; k\u00fc\u00e7\u00fck ya\u015f gruplar\u0131ndan yeti\u015fkinlere uzanan geni\u015f bir yelpazede, ulusal ve uluslararas\u0131 projelere kat\u0131l\u0131m\u0131 kapsar. E\u011fitim, k\u00fclt\u00fcr ve toplumsal geli\u015fim odakl\u0131 programlarda farkl\u0131 ya\u015f gruplar\u0131yla temas eden saha tecr\u00fcbesi, \u00fcretimlerinin pratik boyutunu besleyen \u00f6nemli bir zemin olu\u015fturur.<\/p>\n\n\n\n<p>Sinemay\u0131, edebiyat\u0131, sanat\u0131 bir \u201cg\u00f6steri\u201d de\u011fil, d\u00fc\u015f\u00fcnme alan\u0131 olarak g\u00f6r\u00fcr. Onun i\u00e7in bunlar; insan\u0131, toplumu ve \u00e7a\u011f\u0131n ruhunu anlamaya imk\u00e2n veren birer mercektir.<br><br>1987 y\u0131l\u0131nda \u0130stanbul&#8217;da do\u011fan K\u0131rtorun; evli, 3 \u00e7ocuk babas\u0131d\u0131r.<\/p>\n<\/div>\n<\/div>\n","protected":false},"excerpt":{"rendered":"<p>Mehmet K\u0131rtorun, \u0130stanbul\u2019da ya\u015fayan bir yazar ve y\u00f6neticidir. \u0130lgi alanlar\u0131 d\u00fc\u015f\u00fcnce, k\u00fclt\u00fcr ve sivil toplum ekseninde \u015fekillenir; \u00e7al\u0131\u015fmalar\u0131n\u0131 bu alanlarda \u00fcretmeye gayret eder. Sivil toplum alan\u0131ndaki tecr\u00fcbesi; Mavera E\u011fitim ve Sa\u011fl\u0131k Vakf\u0131, Karz\u0131 Hasen Vakf\u0131, \u0130lim Yayma Cemiyeti ve \u0130LKE Vakf\u0131 ba\u015fta olmak \u00fczere farkl\u0131 yap\u0131larda y\u00fcr\u00fctt\u00fc\u011f\u00fc y\u00f6neticilik g\u00f6reviyle \u015fekillenmi\u015ftir. Bu kurumlarda ve birlikte \u00e7al\u0131\u015f\u0131lan [&hellip;]<\/p>\n","protected":false},"author":1,"featured_media":0,"parent":0,"menu_order":0,"comment_status":"closed","ping_status":"closed","template":"","meta":{"footnotes":""},"class_list":["post-828","page","type-page","status-publish"],"yoast_head":"<!-- This site is optimized with the Yoast SEO plugin v24.4 - https:\/\/yoast.com\/wordpress\/plugins\/seo\/ -->\n<title>Mehmet K\u0131rtorun Kimdir? - \u00c7a\u011f\u0131 Okuma Denemeleri | Mehmet K\u0131rtorun<\/title>\n<meta name=\"robots\" content=\"index, follow, max-snippet:-1, max-image-preview:large, max-video-preview:-1\" \/>\n<link rel=\"canonical\" href=\"https:\/\/mehmetkirtorun.com\/index.php\/mehmet-kirtorun-kimdir\/\" \/>\n<meta property=\"og:locale\" content=\"tr_TR\" \/>\n<meta property=\"og:type\" content=\"article\" \/>\n<meta property=\"og:title\" content=\"Mehmet K\u0131rtorun Kimdir? - \u00c7a\u011f\u0131 Okuma Denemeleri | Mehmet K\u0131rtorun\" \/>\n<meta property=\"og:description\" content=\"Mehmet K\u0131rtorun, \u0130stanbul\u2019da ya\u015fayan bir yazar ve y\u00f6neticidir. \u0130lgi alanlar\u0131 d\u00fc\u015f\u00fcnce, k\u00fclt\u00fcr ve sivil toplum ekseninde \u015fekillenir; \u00e7al\u0131\u015fmalar\u0131n\u0131 bu alanlarda \u00fcretmeye gayret eder. Sivil toplum alan\u0131ndaki tecr\u00fcbesi; Mavera E\u011fitim ve Sa\u011fl\u0131k Vakf\u0131, Karz\u0131 Hasen Vakf\u0131, \u0130lim Yayma Cemiyeti ve \u0130LKE Vakf\u0131 ba\u015fta olmak \u00fczere farkl\u0131 yap\u0131larda y\u00fcr\u00fctt\u00fc\u011f\u00fc y\u00f6neticilik g\u00f6reviyle \u015fekillenmi\u015ftir. Bu kurumlarda ve birlikte \u00e7al\u0131\u015f\u0131lan [&hellip;]\" \/>\n<meta property=\"og:url\" content=\"https:\/\/mehmetkirtorun.com\/index.php\/mehmet-kirtorun-kimdir\/\" \/>\n<meta property=\"og:site_name\" content=\"\u00c7a\u011f\u0131 Okuma Denemeleri | Mehmet K\u0131rtorun\" \/>\n<meta property=\"article:modified_time\" content=\"2025-11-30T09:16:21+00:00\" \/>\n<meta property=\"og:image\" content=\"https:\/\/mehmetkirtorun.com\/wp-content\/uploads\/2025\/11\/571159043_32755518067429279_513985806879718004_n-1024x1024.jpg\" \/>\n<meta name=\"twitter:card\" content=\"summary_large_image\" \/>\n<meta name=\"twitter:label1\" content=\"Tahmini okuma s\u00fcresi\" \/>\n\t<meta name=\"twitter:data1\" content=\"2 dakika\" \/>\n<script type=\"application\/ld+json\" class=\"yoast-schema-graph\">{\"@context\":\"https:\/\/schema.org\",\"@graph\":[{\"@type\":\"WebPage\",\"@id\":\"https:\/\/mehmetkirtorun.com\/index.php\/mehmet-kirtorun-kimdir\/\",\"url\":\"https:\/\/mehmetkirtorun.com\/index.php\/mehmet-kirtorun-kimdir\/\",\"name\":\"Mehmet K\u0131rtorun Kimdir? - \u00c7a\u011f\u0131 Okuma Denemeleri | Mehmet K\u0131rtorun\",\"isPartOf\":{\"@id\":\"https:\/\/mehmetkirtorun.com\/#website\"},\"primaryImageOfPage\":{\"@id\":\"https:\/\/mehmetkirtorun.com\/index.php\/mehmet-kirtorun-kimdir\/#primaryimage\"},\"image\":{\"@id\":\"https:\/\/mehmetkirtorun.com\/index.php\/mehmet-kirtorun-kimdir\/#primaryimage\"},\"thumbnailUrl\":\"https:\/\/mehmetkirtorun.com\/wp-content\/uploads\/2025\/11\/571159043_32755518067429279_513985806879718004_n-1024x1024.jpg\",\"datePublished\":\"2025-11-30T08:00:02+00:00\",\"dateModified\":\"2025-11-30T09:16:21+00:00\",\"breadcrumb\":{\"@id\":\"https:\/\/mehmetkirtorun.com\/index.php\/mehmet-kirtorun-kimdir\/#breadcrumb\"},\"inLanguage\":\"tr\",\"potentialAction\":[{\"@type\":\"ReadAction\",\"target\":[\"https:\/\/mehmetkirtorun.com\/index.php\/mehmet-kirtorun-kimdir\/\"]}]},{\"@type\":\"ImageObject\",\"inLanguage\":\"tr\",\"@id\":\"https:\/\/mehmetkirtorun.com\/index.php\/mehmet-kirtorun-kimdir\/#primaryimage\",\"url\":\"http:\/\/mehmetkirtorun.com\/wp-content\/uploads\/2025\/11\/571159043_32755518067429279_513985806879718004_n.jpg\",\"contentUrl\":\"http:\/\/mehmetkirtorun.com\/wp-content\/uploads\/2025\/11\/571159043_32755518067429279_513985806879718004_n.jpg\",\"width\":2048,\"height\":2048},{\"@type\":\"BreadcrumbList\",\"@id\":\"https:\/\/mehmetkirtorun.com\/index.php\/mehmet-kirtorun-kimdir\/#breadcrumb\",\"itemListElement\":[{\"@type\":\"ListItem\",\"position\":1,\"name\":\"Anasayfa\",\"item\":\"https:\/\/mehmetkirtorun.com\/\"},{\"@type\":\"ListItem\",\"position\":2,\"name\":\"Mehmet K\u0131rtorun Kimdir?\"}]},{\"@type\":\"WebSite\",\"@id\":\"https:\/\/mehmetkirtorun.com\/#website\",\"url\":\"https:\/\/mehmetkirtorun.com\/\",\"name\":\"Sinema ve Edebiyat \u00dczerine | Kendime Notlar\",\"description\":\"\",\"publisher\":{\"@id\":\"https:\/\/mehmetkirtorun.com\/#\/schema\/person\/852c10661e51cbda7866216a0367b1da\"},\"potentialAction\":[{\"@type\":\"SearchAction\",\"target\":{\"@type\":\"EntryPoint\",\"urlTemplate\":\"https:\/\/mehmetkirtorun.com\/?s={search_term_string}\"},\"query-input\":{\"@type\":\"PropertyValueSpecification\",\"valueRequired\":true,\"valueName\":\"search_term_string\"}}],\"inLanguage\":\"tr\"},{\"@type\":[\"Person\",\"Organization\"],\"@id\":\"https:\/\/mehmetkirtorun.com\/#\/schema\/person\/852c10661e51cbda7866216a0367b1da\",\"name\":\"Mehmet K\u0131rtorun\",\"image\":{\"@type\":\"ImageObject\",\"inLanguage\":\"tr\",\"@id\":\"https:\/\/mehmetkirtorun.com\/#\/schema\/person\/image\/\",\"url\":\"http:\/\/mehmetkirtorun.com\/wp-content\/uploads\/2025\/12\/mehmet-kirtorun_avatar-96x96.png\",\"contentUrl\":\"http:\/\/mehmetkirtorun.com\/wp-content\/uploads\/2025\/12\/mehmet-kirtorun_avatar-96x96.png\",\"caption\":\"Mehmet K\u0131rtorun\"},\"logo\":{\"@id\":\"https:\/\/mehmetkirtorun.com\/#\/schema\/person\/image\/\"},\"description\":\"Mehmet K\u0131rtorun, d\u00fc\u015f\u00fcnce, k\u00fclt\u00fcr ve sivil toplum eksenindeki \u00e7al\u0131\u015fmalar\u0131n\u0131; Mavera, Karz\u0131 Hasen, \u0130lim Yayma ve \u0130LKE Vakf\u0131 gibi \u00f6nde gelen sivil toplum kurulu\u015flar\u0131nda \u00fcstlendi\u011fi y\u00f6neticilik ve proje geli\u015ftirme tecr\u00fcbesiyle birle\u015ftirmi\u015ftir.\",\"sameAs\":[\"http:\/\/mehmetkirtorun.com\"]}]}<\/script>\n<!-- \/ Yoast SEO plugin. -->","yoast_head_json":{"title":"Mehmet K\u0131rtorun Kimdir? - \u00c7a\u011f\u0131 Okuma Denemeleri | Mehmet K\u0131rtorun","robots":{"index":"index","follow":"follow","max-snippet":"max-snippet:-1","max-image-preview":"max-image-preview:large","max-video-preview":"max-video-preview:-1"},"canonical":"https:\/\/mehmetkirtorun.com\/index.php\/mehmet-kirtorun-kimdir\/","og_locale":"tr_TR","og_type":"article","og_title":"Mehmet K\u0131rtorun Kimdir? - \u00c7a\u011f\u0131 Okuma Denemeleri | Mehmet K\u0131rtorun","og_description":"Mehmet K\u0131rtorun, \u0130stanbul\u2019da ya\u015fayan bir yazar ve y\u00f6neticidir. \u0130lgi alanlar\u0131 d\u00fc\u015f\u00fcnce, k\u00fclt\u00fcr ve sivil toplum ekseninde \u015fekillenir; \u00e7al\u0131\u015fmalar\u0131n\u0131 bu alanlarda \u00fcretmeye gayret eder. Sivil toplum alan\u0131ndaki tecr\u00fcbesi; Mavera E\u011fitim ve Sa\u011fl\u0131k Vakf\u0131, Karz\u0131 Hasen Vakf\u0131, \u0130lim Yayma Cemiyeti ve \u0130LKE Vakf\u0131 ba\u015fta olmak \u00fczere farkl\u0131 yap\u0131larda y\u00fcr\u00fctt\u00fc\u011f\u00fc y\u00f6neticilik g\u00f6reviyle \u015fekillenmi\u015ftir. Bu kurumlarda ve birlikte \u00e7al\u0131\u015f\u0131lan [&hellip;]","og_url":"https:\/\/mehmetkirtorun.com\/index.php\/mehmet-kirtorun-kimdir\/","og_site_name":"\u00c7a\u011f\u0131 Okuma Denemeleri | Mehmet K\u0131rtorun","article_modified_time":"2025-11-30T09:16:21+00:00","og_image":[{"url":"https:\/\/mehmetkirtorun.com\/wp-content\/uploads\/2025\/11\/571159043_32755518067429279_513985806879718004_n-1024x1024.jpg","type":"","width":"","height":""}],"twitter_card":"summary_large_image","twitter_misc":{"Tahmini okuma s\u00fcresi":"2 dakika"},"schema":{"@context":"https:\/\/schema.org","@graph":[{"@type":"WebPage","@id":"https:\/\/mehmetkirtorun.com\/index.php\/mehmet-kirtorun-kimdir\/","url":"https:\/\/mehmetkirtorun.com\/index.php\/mehmet-kirtorun-kimdir\/","name":"Mehmet K\u0131rtorun Kimdir? - \u00c7a\u011f\u0131 Okuma Denemeleri | Mehmet K\u0131rtorun","isPartOf":{"@id":"https:\/\/mehmetkirtorun.com\/#website"},"primaryImageOfPage":{"@id":"https:\/\/mehmetkirtorun.com\/index.php\/mehmet-kirtorun-kimdir\/#primaryimage"},"image":{"@id":"https:\/\/mehmetkirtorun.com\/index.php\/mehmet-kirtorun-kimdir\/#primaryimage"},"thumbnailUrl":"https:\/\/mehmetkirtorun.com\/wp-content\/uploads\/2025\/11\/571159043_32755518067429279_513985806879718004_n-1024x1024.jpg","datePublished":"2025-11-30T08:00:02+00:00","dateModified":"2025-11-30T09:16:21+00:00","breadcrumb":{"@id":"https:\/\/mehmetkirtorun.com\/index.php\/mehmet-kirtorun-kimdir\/#breadcrumb"},"inLanguage":"tr","potentialAction":[{"@type":"ReadAction","target":["https:\/\/mehmetkirtorun.com\/index.php\/mehmet-kirtorun-kimdir\/"]}]},{"@type":"ImageObject","inLanguage":"tr","@id":"https:\/\/mehmetkirtorun.com\/index.php\/mehmet-kirtorun-kimdir\/#primaryimage","url":"http:\/\/mehmetkirtorun.com\/wp-content\/uploads\/2025\/11\/571159043_32755518067429279_513985806879718004_n.jpg","contentUrl":"http:\/\/mehmetkirtorun.com\/wp-content\/uploads\/2025\/11\/571159043_32755518067429279_513985806879718004_n.jpg","width":2048,"height":2048},{"@type":"BreadcrumbList","@id":"https:\/\/mehmetkirtorun.com\/index.php\/mehmet-kirtorun-kimdir\/#breadcrumb","itemListElement":[{"@type":"ListItem","position":1,"name":"Anasayfa","item":"https:\/\/mehmetkirtorun.com\/"},{"@type":"ListItem","position":2,"name":"Mehmet K\u0131rtorun Kimdir?"}]},{"@type":"WebSite","@id":"https:\/\/mehmetkirtorun.com\/#website","url":"https:\/\/mehmetkirtorun.com\/","name":"Sinema ve Edebiyat \u00dczerine | Kendime Notlar","description":"","publisher":{"@id":"https:\/\/mehmetkirtorun.com\/#\/schema\/person\/852c10661e51cbda7866216a0367b1da"},"potentialAction":[{"@type":"SearchAction","target":{"@type":"EntryPoint","urlTemplate":"https:\/\/mehmetkirtorun.com\/?s={search_term_string}"},"query-input":{"@type":"PropertyValueSpecification","valueRequired":true,"valueName":"search_term_string"}}],"inLanguage":"tr"},{"@type":["Person","Organization"],"@id":"https:\/\/mehmetkirtorun.com\/#\/schema\/person\/852c10661e51cbda7866216a0367b1da","name":"Mehmet K\u0131rtorun","image":{"@type":"ImageObject","inLanguage":"tr","@id":"https:\/\/mehmetkirtorun.com\/#\/schema\/person\/image\/","url":"http:\/\/mehmetkirtorun.com\/wp-content\/uploads\/2025\/12\/mehmet-kirtorun_avatar-96x96.png","contentUrl":"http:\/\/mehmetkirtorun.com\/wp-content\/uploads\/2025\/12\/mehmet-kirtorun_avatar-96x96.png","caption":"Mehmet K\u0131rtorun"},"logo":{"@id":"https:\/\/mehmetkirtorun.com\/#\/schema\/person\/image\/"},"description":"Mehmet K\u0131rtorun, d\u00fc\u015f\u00fcnce, k\u00fclt\u00fcr ve sivil toplum eksenindeki \u00e7al\u0131\u015fmalar\u0131n\u0131; Mavera, Karz\u0131 Hasen, \u0130lim Yayma ve \u0130LKE Vakf\u0131 gibi \u00f6nde gelen sivil toplum kurulu\u015flar\u0131nda \u00fcstlendi\u011fi y\u00f6neticilik ve proje geli\u015ftirme tecr\u00fcbesiyle birle\u015ftirmi\u015ftir.","sameAs":["http:\/\/mehmetkirtorun.com"]}]}},"_links":{"self":[{"href":"http:\/\/mehmetkirtorun.com\/index.php\/wp-json\/wp\/v2\/pages\/828","targetHints":{"allow":["GET"]}}],"collection":[{"href":"http:\/\/mehmetkirtorun.com\/index.php\/wp-json\/wp\/v2\/pages"}],"about":[{"href":"http:\/\/mehmetkirtorun.com\/index.php\/wp-json\/wp\/v2\/types\/page"}],"author":[{"embeddable":true,"href":"http:\/\/mehmetkirtorun.com\/index.php\/wp-json\/wp\/v2\/users\/1"}],"replies":[{"embeddable":true,"href":"http:\/\/mehmetkirtorun.com\/index.php\/wp-json\/wp\/v2\/comments?post=828"}],"version-history":[{"count":8,"href":"http:\/\/mehmetkirtorun.com\/index.php\/wp-json\/wp\/v2\/pages\/828\/revisions"}],"predecessor-version":[{"id":860,"href":"http:\/\/mehmetkirtorun.com\/index.php\/wp-json\/wp\/v2\/pages\/828\/revisions\/860"}],"wp:attachment":[{"href":"http:\/\/mehmetkirtorun.com\/index.php\/wp-json\/wp\/v2\/media?parent=828"}],"curies":[{"name":"wp","href":"https:\/\/api.w.org\/{rel}","templated":true}]}}